{"id":5,"date":"2023-05-17T13:00:36","date_gmt":"2023-05-17T13:00:36","guid":{"rendered":"https:\/\/mz-skulptur.ch\/skulpturen\/?page_id=5"},"modified":"2023-05-17T14:53:57","modified_gmt":"2023-05-17T14:53:57","slug":"marc-zuercher-skulpturen-aus-holz","status":"publish","type":"page","link":"https:\/\/mz-skulptur.ch\/","title":{"rendered":"Marc Z\u00fcrcher &#8211; Skulpturen aus Holz"},"content":{"rendered":"<p>Seit einiger Zeit erstelle ich in meiner Freizeit Skulpturen mit der Motors\u00e4ge. Es ist momentan mein Lieblingshobby und das soll auch so bleiben. Deshalb nehme ich nur selten konkrete Auftr\u00e4ge entgegen. Es w\u00fcrde mich aber freuen, \u00fcber R\u00fcckmeldungen, Anregungen oder sonstigen Kommentaren zu meinen Arbeiten per E-Mail, welche beim Impressum steht.<\/p>\n<p>Auch Informationen \u00fcber anstehende Anl\u00e4sse wie Showschnitzen oder Ausstellungen nehme ich gerne entgegen. Wenn gew\u00fcnscht, werde ich\u00a0dies auch unter Links eintragen.<\/p>\n","protected":false},"excerpt":{"rendered":"<p>Seit einiger Zeit erstelle ich in meiner Freizeit Skulpturen mit der Motors\u00e4ge. Es ist momentan mein Lieblingshobby und das soll auch so bleiben. Deshalb nehme ich nur selten konkrete Auftr\u00e4ge entgegen. Es w\u00fcrde mich aber freuen, \u00fcber R\u00fcckmeldungen, Anregungen oder sonstigen Kommentaren zu meinen Arbeiten per E-Mail, welche beim Impressum steht. Auch Informationen \u00fcber anstehende &hellip; <\/p>\n<p class=\"link-more\"><a href=\"https:\/\/mz-skulptur.ch\/\" class=\"more-link\"><span class=\"screen-reader-text\">&#171;Marc Z\u00fcrcher &#8211; Skulpturen aus Holz&#187;<\/span> weiterlesen<\/a><\/p>\n","protected":false},"author":1,"featured_media":0,"parent":0,"menu_order":0,"comment_status":"closed","ping_status":"closed","template":"","meta":{"footnotes":""},"class_list":["post-5","page","type-page","status-publish","hentry"],"yoast_head":"<!-- This site is optimized with the Yoast SEO plugin v20.7 - https:\/\/yoast.com\/wordpress\/plugins\/seo\/ -->\n<title>Marc Z\u00fcrcher - Skulpturen aus Holz - mz-skulptur.ch<\/title>\n<meta name=\"robots\" content=\"index, follow, max-snippet:-1, max-image-preview:large, max-video-preview:-1\" \/>\n<link rel=\"canonical\" href=\"https:\/\/mz-skulptur.ch\/\" \/>\n<meta property=\"og:locale\" content=\"de_DE\" \/>\n<meta property=\"og:type\" content=\"article\" \/>\n<meta property=\"og:title\" content=\"Marc Z\u00fcrcher - Skulpturen aus Holz - mz-skulptur.ch\" \/>\n<meta property=\"og:description\" content=\"Seit einiger Zeit erstelle ich in meiner Freizeit Skulpturen mit der Motors\u00e4ge. Es ist momentan mein Lieblingshobby und das soll auch so bleiben. Deshalb nehme ich nur selten konkrete Auftr\u00e4ge entgegen. Es w\u00fcrde mich aber freuen, \u00fcber R\u00fcckmeldungen, Anregungen oder sonstigen Kommentaren zu meinen Arbeiten per E-Mail, welche beim Impressum steht. Auch Informationen \u00fcber anstehende &hellip; &quot;Marc Z\u00fcrcher &#8211; Skulpturen aus Holz&quot; weiterlesen\" \/>\n<meta property=\"og:url\" content=\"https:\/\/mz-skulptur.ch\/\" \/>\n<meta property=\"og:site_name\" content=\"mz-skulptur.ch\" \/>\n<meta property=\"article:modified_time\" content=\"2023-05-17T14:53:57+00:00\" \/>\n<meta name=\"twitter:card\" content=\"summary_large_image\" \/>\n<meta name=\"twitter:label1\" content=\"Gesch\u00e4tzte Lesezeit\" \/>\n\t<meta name=\"twitter:data1\" content=\"1\u00a0Minute\" \/>\n<script type=\"application\/ld+json\" class=\"yoast-schema-graph\">{\"@context\":\"https:\/\/schema.org\",\"@graph\":[{\"@type\":\"WebPage\",\"@id\":\"https:\/\/mz-skulptur.ch\/\",\"url\":\"https:\/\/mz-skulptur.ch\/\",\"name\":\"Marc Z\u00fcrcher - Skulpturen aus Holz - mz-skulptur.ch\",\"isPartOf\":{\"@id\":\"https:\/\/mz-skulptur.ch\/#website\"},\"datePublished\":\"2023-05-17T13:00:36+00:00\",\"dateModified\":\"2023-05-17T14:53:57+00:00\",\"breadcrumb\":{\"@id\":\"https:\/\/mz-skulptur.ch\/#breadcrumb\"},\"inLanguage\":\"de-CH\",\"potentialAction\":[{\"@type\":\"ReadAction\",\"target\":[\"https:\/\/mz-skulptur.ch\/\"]}]},{\"@type\":\"BreadcrumbList\",\"@id\":\"https:\/\/mz-skulptur.ch\/#breadcrumb\",\"itemListElement\":[{\"@type\":\"ListItem\",\"position\":1,\"name\":\"Startseite\",\"item\":\"https:\/\/mz-skulptur.ch\/\"},{\"@type\":\"ListItem\",\"position\":2,\"name\":\"Marc Z\u00fcrcher &#8211; Skulpturen aus Holz\"}]},{\"@type\":\"WebSite\",\"@id\":\"https:\/\/mz-skulptur.ch\/#website\",\"url\":\"https:\/\/mz-skulptur.ch\/\",\"name\":\"mz-skulptur.ch\",\"description\":\"Marc Z\u00fcrcher\",\"publisher\":{\"@id\":\"https:\/\/mz-skulptur.ch\/#\/schema\/person\/0de18ec71309179922f6a13d01e8dae3\"},\"potentialAction\":[{\"@type\":\"SearchAction\",\"target\":{\"@type\":\"EntryPoint\",\"urlTemplate\":\"https:\/\/mz-skulptur.ch\/?s={search_term_string}\"},\"query-input\":\"required name=search_term_string\"}],\"inLanguage\":\"de-CH\"},{\"@type\":[\"Person\",\"Organization\"],\"@id\":\"https:\/\/mz-skulptur.ch\/#\/schema\/person\/0de18ec71309179922f6a13d01e8dae3\",\"name\":\"Marc Z\u00fcrcher\",\"image\":{\"@type\":\"ImageObject\",\"inLanguage\":\"de-CH\",\"@id\":\"https:\/\/mz-skulptur.ch\/#\/schema\/person\/image\/\",\"url\":\"https:\/\/mz-skulptur.ch\/skulpturen\/wp-content\/uploads\/2023\/05\/cropped-16_Uhu_Mai_2021-e1684329152892.jpg\",\"contentUrl\":\"https:\/\/mz-skulptur.ch\/skulpturen\/wp-content\/uploads\/2023\/05\/cropped-16_Uhu_Mai_2021-e1684329152892.jpg\",\"width\":250,\"height\":250,\"caption\":\"Marc Z\u00fcrcher\"},\"logo\":{\"@id\":\"https:\/\/mz-skulptur.ch\/#\/schema\/person\/image\/\"},\"description\":\"Dies machte mir wirklich Spass und ich wollte mehr machen und kaufte mir eine Carving Motors\u00e4ge. Mittlerweile habe ich nun schon einige Skulpturen gefertigt und ich bin sicher, dass es in Zukunft noch mehr werden.\",\"sameAs\":[\"http:\/\/mz-skulptur.ch\"]}]}<\/script>\n<!-- \/ Yoast SEO plugin. -->","yoast_head_json":{"title":"Marc Z\u00fcrcher - Skulpturen aus Holz - mz-skulptur.ch","robots":{"index":"index","follow":"follow","max-snippet":"max-snippet:-1","max-image-preview":"max-image-preview:large","max-video-preview":"max-video-preview:-1"},"canonical":"https:\/\/mz-skulptur.ch\/","og_locale":"de_DE","og_type":"article","og_title":"Marc Z\u00fcrcher - Skulpturen aus Holz - mz-skulptur.ch","og_description":"Seit einiger Zeit erstelle ich in meiner Freizeit Skulpturen mit der Motors\u00e4ge. Es ist momentan mein Lieblingshobby und das soll auch so bleiben. Deshalb nehme ich nur selten konkrete Auftr\u00e4ge entgegen. Es w\u00fcrde mich aber freuen, \u00fcber R\u00fcckmeldungen, Anregungen oder sonstigen Kommentaren zu meinen Arbeiten per E-Mail, welche beim Impressum steht. Auch Informationen \u00fcber anstehende &hellip; \"Marc Z\u00fcrcher &#8211; Skulpturen aus Holz\" weiterlesen","og_url":"https:\/\/mz-skulptur.ch\/","og_site_name":"mz-skulptur.ch","article_modified_time":"2023-05-17T14:53:57+00:00","twitter_card":"summary_large_image","twitter_misc":{"Gesch\u00e4tzte Lesezeit":"1\u00a0Minute"},"schema":{"@context":"https:\/\/schema.org","@graph":[{"@type":"WebPage","@id":"https:\/\/mz-skulptur.ch\/","url":"https:\/\/mz-skulptur.ch\/","name":"Marc Z\u00fcrcher - Skulpturen aus Holz - mz-skulptur.ch","isPartOf":{"@id":"https:\/\/mz-skulptur.ch\/#website"},"datePublished":"2023-05-17T13:00:36+00:00","dateModified":"2023-05-17T14:53:57+00:00","breadcrumb":{"@id":"https:\/\/mz-skulptur.ch\/#breadcrumb"},"inLanguage":"de-CH","potentialAction":[{"@type":"ReadAction","target":["https:\/\/mz-skulptur.ch\/"]}]},{"@type":"BreadcrumbList","@id":"https:\/\/mz-skulptur.ch\/#breadcrumb","itemListElement":[{"@type":"ListItem","position":1,"name":"Startseite","item":"https:\/\/mz-skulptur.ch\/"},{"@type":"ListItem","position":2,"name":"Marc Z\u00fcrcher &#8211; Skulpturen aus Holz"}]},{"@type":"WebSite","@id":"https:\/\/mz-skulptur.ch\/#website","url":"https:\/\/mz-skulptur.ch\/","name":"mz-skulptur.ch","description":"Marc Z\u00fcrcher","publisher":{"@id":"https:\/\/mz-skulptur.ch\/#\/schema\/person\/0de18ec71309179922f6a13d01e8dae3"},"potentialAction":[{"@type":"SearchAction","target":{"@type":"EntryPoint","urlTemplate":"https:\/\/mz-skulptur.ch\/?s={search_term_string}"},"query-input":"required name=search_term_string"}],"inLanguage":"de-CH"},{"@type":["Person","Organization"],"@id":"https:\/\/mz-skulptur.ch\/#\/schema\/person\/0de18ec71309179922f6a13d01e8dae3","name":"Marc Z\u00fcrcher","image":{"@type":"ImageObject","inLanguage":"de-CH","@id":"https:\/\/mz-skulptur.ch\/#\/schema\/person\/image\/","url":"https:\/\/mz-skulptur.ch\/skulpturen\/wp-content\/uploads\/2023\/05\/cropped-16_Uhu_Mai_2021-e1684329152892.jpg","contentUrl":"https:\/\/mz-skulptur.ch\/skulpturen\/wp-content\/uploads\/2023\/05\/cropped-16_Uhu_Mai_2021-e1684329152892.jpg","width":250,"height":250,"caption":"Marc Z\u00fcrcher"},"logo":{"@id":"https:\/\/mz-skulptur.ch\/#\/schema\/person\/image\/"},"description":"Dies machte mir wirklich Spass und ich wollte mehr machen und kaufte mir eine Carving Motors\u00e4ge. Mittlerweile habe ich nun schon einige Skulpturen gefertigt und ich bin sicher, dass es in Zukunft noch mehr werden.","sameAs":["http:\/\/mz-skulptur.ch"]}]}},"_links":{"self":[{"href":"https:\/\/mz-skulptur.ch\/index.php\/wp-json\/wp\/v2\/pages\/5","targetHints":{"allow":["GET"]}}],"collection":[{"href":"https:\/\/mz-skulptur.ch\/index.php\/wp-json\/wp\/v2\/pages"}],"about":[{"href":"https:\/\/mz-skulptur.ch\/index.php\/wp-json\/wp\/v2\/types\/page"}],"author":[{"embeddable":true,"href":"https:\/\/mz-skulptur.ch\/index.php\/wp-json\/wp\/v2\/users\/1"}],"replies":[{"embeddable":true,"href":"https:\/\/mz-skulptur.ch\/index.php\/wp-json\/wp\/v2\/comments?post=5"}],"version-history":[{"count":3,"href":"https:\/\/mz-skulptur.ch\/index.php\/wp-json\/wp\/v2\/pages\/5\/revisions"}],"predecessor-version":[{"id":71,"href":"https:\/\/mz-skulptur.ch\/index.php\/wp-json\/wp\/v2\/pages\/5\/revisions\/71"}],"wp:attachment":[{"href":"https:\/\/mz-skulptur.ch\/index.php\/wp-json\/wp\/v2\/media?parent=5"}],"curies":[{"name":"wp","href":"https:\/\/api.w.org\/{rel}","templated":true}]}}